{"id":1317,"date":"2025-03-31T17:03:46","date_gmt":"2025-03-31T17:03:46","guid":{"rendered":"https:\/\/salasscd.cl\/sitio\/?post_type=mec-events&#038;p=1317"},"modified":"2025-03-31T17:03:46","modified_gmt":"2025-03-31T17:03:46","slug":"ciclo-bellavista-con-cover-mariel-mariel-especial-cecilia-homenaje-incomparable","status":"publish","type":"mec-events","link":"https:\/\/salasscd.cl\/sitio\/events\/ciclo-bellavista-con-cover-mariel-mariel-especial-cecilia-homenaje-incomparable\/","title":{"rendered":"CICLO BELLAVISTA CON COVER: MARIEL MARIEL ESPECIAL CECILIA, HOMENAJE INCOMPARABLE"},"content":{"rendered":"<p>Mariel Mariel es una cantante y activista chilena, nacida el 5 de abril de 1981 en Santiago. Representante del g\u00e9nero pop urbano conocido como \u00abflow latino\u00bb, Mariel ha desarrollado gran parte de su carrera en M\u00e9xico, donde ha colaborado con artistas como Natalia Lafourcade, Mon Laferte y Carla Morrison. Su m\u00fasica fusiona pop, rap, afro y jazz con influencias de la m\u00fasica andina.<\/p>\n<p>Mariel Mariel tuvo una relaci\u00f3n profesional significativa con Cecilia, La Incomparable, una de las voces m\u00e1s ic\u00f3nicas de la m\u00fasica chilena. Juntas lanzaron la canci\u00f3n \u00abSacar los tambores\u00bb en 2019, un tema feminista que llama a la acci\u00f3n y a la uni\u00f3n de las mujeres. Este sencillo fue grabado en el contexto del estallido social en Chile, reflejando el compromiso de ambas artistas con las causas sociales y la justicia.<\/p>\n<p>El viernes 30 de mayo, Mariel Mariel se presentar\u00e1 en la Sala SCD Bellavista a las 20:00 hrs, como parte del Ciclo Bellavista con Cover. En este evento especial, titulado \u00abEspecial Cecilia, Homenaje Incomparable\u00bb, Mariel Mariel rendir\u00e1 tributo a Cecilia, interpretando sus grandes \u00e9xitos con su estilo \u00fanico. Ser\u00e1 una noche emotiva y llena de nostalgia, donde se celebrar\u00e1 la influencia y el legado de Cecilia en la m\u00fasica chilena.<\/p>\n<p>\u00a1No te pierdas esta oportunidad de disfrutar de la m\u00fasica de Mariel Mariel en vivo y ser parte de un homenaje inolvidable!<\/p>\n","protected":false},"excerpt":{"rendered":"<p>Mariel Mariel es una cantante y activista chilena, nacida el 5 de abril de 1981 en Santiago. Representante del g\u00e9nero pop urbano conocido como \u00abflow latino\u00bb, Mariel ha desarrollado gran parte de su carrera en M\u00e9xico, donde ha colaborado con artistas como Natalia Lafourcade, Mon Laferte y Carla Morrison. Su m\u00fasica fusiona pop, rap, afro [&hellip;]<\/p>\n","protected":false},"author":1,"featured_media":1318,"comment_status":"closed","ping_status":"closed","template":"","tags":[],"mec_category":[33,31,30],"class_list":["post-1317","mec-events","type-mec-events","status-publish","has-post-thumbnail","hentry","mec_category-hiphop-urbano","mec_category-jazz-fusion","mec_category-pop"],"acf":[],"_links":{"self":[{"href":"https:\/\/salasscd.cl\/sitio\/wp-json\/wp\/v2\/mec-events\/1317","targetHints":{"allow":["GET"]}}],"collection":[{"href":"https:\/\/salasscd.cl\/sitio\/wp-json\/wp\/v2\/mec-events"}],"about":[{"href":"https:\/\/salasscd.cl\/sitio\/wp-json\/wp\/v2\/types\/mec-events"}],"author":[{"embeddable":true,"href":"https:\/\/salasscd.cl\/sitio\/wp-json\/wp\/v2\/users\/1"}],"replies":[{"embeddable":true,"href":"https:\/\/salasscd.cl\/sitio\/wp-json\/wp\/v2\/comments?post=1317"}],"version-history":[{"count":1,"href":"https:\/\/salasscd.cl\/sitio\/wp-json\/wp\/v2\/mec-events\/1317\/revisions"}],"predecessor-version":[{"id":1319,"href":"https:\/\/salasscd.cl\/sitio\/wp-json\/wp\/v2\/mec-events\/1317\/revisions\/1319"}],"wp:featuredmedia":[{"embeddable":true,"href":"https:\/\/salasscd.cl\/sitio\/wp-json\/wp\/v2\/media\/1318"}],"wp:attachment":[{"href":"https:\/\/salasscd.cl\/sitio\/wp-json\/wp\/v2\/media?parent=1317"}],"wp:term":[{"taxonomy":"post_tag","embeddable":true,"href":"https:\/\/salasscd.cl\/sitio\/wp-json\/wp\/v2\/tags?post=1317"},{"taxonomy":"mec_category","embeddable":true,"href":"https:\/\/salasscd.cl\/sitio\/wp-json\/wp\/v2\/mec_category?post=1317"}],"curies":[{"name":"wp","href":"https:\/\/api.w.org\/{rel}","templated":true}]}}

<p>Mariel Mariel es una cantante y activista chilena, nacida el 5 de abril de 1981 en Santiago. Representante del género pop urbano conocido como «flow latino», Mariel ha desarrollado gran parte de su carrera en México, donde ha colaborado con artistas como Natalia Lafourcade, Mon Laferte y Carla Morrison. Su música fusiona pop, rap, afro y jazz con influencias de la música andina.</p>
<p>Mariel Mariel tuvo una relación profesional significativa con Cecilia, La Incomparable, una de las voces más icónicas de la música chilena. Juntas lanzaron la canción «Sacar los tambores» en 2019, un tema feminista que llama a la acción y a la unión de las mujeres. Este sencillo fue grabado en el contexto del estallido social en Chile, reflejando el compromiso de ambas artistas con las causas sociales y la justicia.</p>
<p>El viernes 30 de mayo, Mariel Mariel se presentará en la Sala SCD Bellavista a las 20:00 hrs, como parte del Ciclo Bellavista con Cover. En este evento especial, titulado «Especial Cecilia, Homenaje Incomparable», Mariel Mariel rendirá tributo a Cecilia, interpretando sus grandes éxitos con su estilo único. Será una noche emotiva y llena de nostalgia, donde se celebrará la influencia y el legado de Cecilia en la música chilena.</p>
<p>¡No te pierdas esta oportunidad de disfrutar de la música de Mariel Mariel en vivo y ser parte de un homenaje inolvidable!</p>

<p>Mariel Mariel es una cantante y activista chilena, nacida el 5 de abril de 1981 en Santiago. Representante del género pop urbano conocido como «flow latino», Mariel ha desarrollado gran parte de su carrera en México, donde ha colaborado con artistas como Natalia Lafourcade, Mon Laferte y Carla Morrison. Su música fusiona pop, rap, afro [&hellip;]</p>
