{"id":1772,"date":"2025-07-17T22:48:34","date_gmt":"2025-07-17T22:48:34","guid":{"rendered":"https:\/\/salasscd.cl\/sitio\/?post_type=mec-events&#038;p=1772"},"modified":"2025-07-17T22:48:34","modified_gmt":"2025-07-17T22:48:34","slug":"sigrid-y-los-claveles-ayudandole-a-pasar-agosto-ciclo-patria-previa","status":"publish","type":"mec-events","link":"https:\/\/salasscd.cl\/sitio\/events\/sigrid-y-los-claveles-ayudandole-a-pasar-agosto-ciclo-patria-previa\/","title":{"rendered":"SIGRID Y LOS CLAVELES, AYUD\u00c1NDOLE A PASAR AGOSTO &#8211; CICLO PATRIA PREVIA"},"content":{"rendered":"<p>Sigrid y Los Claveles, el conjunto chileno liderado por la reconocida actriz y cantante Sigrid Alegr\u00eda, llega a la Sala SCD Ega\u00f1a como parte del ciclo de conciertos Patria Previa, que llenar\u00e1 de cuecas los jueves de agosto en La Reina.<\/p>\n<p>Con una trayectoria que incluye 16 a\u00f1os junto al emblem\u00e1tico grupo cuequero Aparcoa, Sigrid y su banda \u2014compuesta por Ignacio Puga en contrabajo y voces, Ignacio Andrade en acorde\u00f3n y voces, Esteban Cruz en bater\u00eda, percusiones y voces, y Alonso Velasco en guitarra y voces\u2014 prometen un espect\u00e1culo vibrante que rescata la esencia de la cueca urbana y la riqueza de la m\u00fasica latinoamericana.<\/p>\n<p>El repertorio de Sigrid y Los Claveles combina cuecas tradicionales, parte del acervo hist\u00f3rico chileno, con composiciones contempor\u00e1neas de autores reconocidos, adem\u00e1s de joyas de la m\u00fasica latinoamericana como \u201cEso, Eso, Eso\u201d de Los TNT y \u201cMi Cacharrrito\u201d de Roberto Carlos. Su show en vivo es una experiencia llena de energ\u00eda, con bailes, cantos e interacciones que invitan al p\u00fablico a conectar con la tradici\u00f3n y la alegr\u00eda de la m\u00fasica urbana, resignificando la cueca como un espacio de cultura y entretenci\u00f3n.<\/p>\n<p>No te pierdas esta oportunidad de disfrutar de Sigrid y Los Claveles el pr\u00f3ximo jueves 14 de agosto en la Sala SCD Ega\u00f1a, un evento que celebra la identidad chilena y latinoamericana a trav\u00e9s de un espect\u00e1culo inolvidable.<\/p>\n<p><strong>Evento para todas las edades.<\/strong><\/p>\n","protected":false},"excerpt":{"rendered":"<p>Sigrid y Los Claveles, el conjunto chileno liderado por la reconocida actriz y cantante Sigrid Alegr\u00eda, llega a la Sala SCD Ega\u00f1a como parte del ciclo de conciertos Patria Previa, que llenar\u00e1 de cuecas los jueves de agosto en La Reina. Con una trayectoria que incluye 16 a\u00f1os junto al emblem\u00e1tico grupo cuequero Aparcoa, Sigrid [&hellip;]<\/p>\n","protected":false},"author":1,"featured_media":1773,"comment_status":"closed","ping_status":"closed","template":"","tags":[],"mec_category":[32],"class_list":["post-1772","mec-events","type-mec-events","status-publish","has-post-thumbnail","hentry","mec_category-tradicional-folclorica-chilena"],"acf":[],"_links":{"self":[{"href":"https:\/\/salasscd.cl\/sitio\/wp-json\/wp\/v2\/mec-events\/1772","targetHints":{"allow":["GET"]}}],"collection":[{"href":"https:\/\/salasscd.cl\/sitio\/wp-json\/wp\/v2\/mec-events"}],"about":[{"href":"https:\/\/salasscd.cl\/sitio\/wp-json\/wp\/v2\/types\/mec-events"}],"author":[{"embeddable":true,"href":"https:\/\/salasscd.cl\/sitio\/wp-json\/wp\/v2\/users\/1"}],"replies":[{"embeddable":true,"href":"https:\/\/salasscd.cl\/sitio\/wp-json\/wp\/v2\/comments?post=1772"}],"version-history":[{"count":2,"href":"https:\/\/salasscd.cl\/sitio\/wp-json\/wp\/v2\/mec-events\/1772\/revisions"}],"predecessor-version":[{"id":1775,"href":"https:\/\/salasscd.cl\/sitio\/wp-json\/wp\/v2\/mec-events\/1772\/revisions\/1775"}],"wp:featuredmedia":[{"embeddable":true,"href":"https:\/\/salasscd.cl\/sitio\/wp-json\/wp\/v2\/media\/1773"}],"wp:attachment":[{"href":"https:\/\/salasscd.cl\/sitio\/wp-json\/wp\/v2\/media?parent=1772"}],"wp:term":[{"taxonomy":"post_tag","embeddable":true,"href":"https:\/\/salasscd.cl\/sitio\/wp-json\/wp\/v2\/tags?post=1772"},{"taxonomy":"mec_category","embeddable":true,"href":"https:\/\/salasscd.cl\/sitio\/wp-json\/wp\/v2\/mec_category?post=1772"}],"curies":[{"name":"wp","href":"https:\/\/api.w.org\/{rel}","templated":true}]}}

SIGRID Y LOS CLAVELES, AYUDÁNDOLE A PASAR AGOSTO &#8211; CICLO PATRIA PREVIA

<p>Sigrid y Los Claveles, el conjunto chileno liderado por la reconocida actriz y cantante Sigrid Alegría, llega a la Sala SCD Egaña como parte del ciclo de conciertos Patria Previa, que llenará de cuecas los jueves de agosto en La Reina.</p>
<p>Con una trayectoria que incluye 16 años junto al emblemático grupo cuequero Aparcoa, Sigrid y su banda —compuesta por Ignacio Puga en contrabajo y voces, Ignacio Andrade en acordeón y voces, Esteban Cruz en batería, percusiones y voces, y Alonso Velasco en guitarra y voces— prometen un espectáculo vibrante que rescata la esencia de la cueca urbana y la riqueza de la música latinoamericana.</p>
<p>El repertorio de Sigrid y Los Claveles combina cuecas tradicionales, parte del acervo histórico chileno, con composiciones contemporáneas de autores reconocidos, además de joyas de la música latinoamericana como “Eso, Eso, Eso” de Los TNT y “Mi Cacharrrito” de Roberto Carlos. Su show en vivo es una experiencia llena de energía, con bailes, cantos e interacciones que invitan al público a conectar con la tradición y la alegría de la música urbana, resignificando la cueca como un espacio de cultura y entretención.</p>
<p>No te pierdas esta oportunidad de disfrutar de Sigrid y Los Claveles el próximo jueves 14 de agosto en la Sala SCD Egaña, un evento que celebra la identidad chilena y latinoamericana a través de un espectáculo inolvidable.</p>
<p><strong>Evento para todas las edades.</strong></p>

<p>Sigrid y Los Claveles, el conjunto chileno liderado por la reconocida actriz y cantante Sigrid Alegría, llega a la Sala SCD Egaña como parte del ciclo de conciertos Patria Previa, que llenará de cuecas los jueves de agosto en La Reina. Con una trayectoria que incluye 16 años junto al emblemático grupo cuequero Aparcoa, Sigrid [&hellip;]</p>
