{"id":1912,"date":"2025-08-18T17:36:21","date_gmt":"2025-08-18T17:36:21","guid":{"rendered":"https:\/\/salasscd.cl\/sitio\/?post_type=mec-events&#038;p=1912"},"modified":"2025-08-18T17:36:21","modified_gmt":"2025-08-18T17:36:21","slug":"tomo-como-rey-concierto-familiar-lanzamiento-rey-de-reyes-ciclo-cumbias-para-el-rey","status":"publish","type":"mec-events","link":"https:\/\/salasscd.cl\/sitio\/events\/tomo-como-rey-concierto-familiar-lanzamiento-rey-de-reyes-ciclo-cumbias-para-el-rey\/","title":{"rendered":"TOMO COMO REY CONCIERTO FAMILIAR LANZAMIENTO REY DE REYES &#8211; CICLO CUMBIAS PARA EL REY"},"content":{"rendered":"<p>Rey de Reyes<br \/>\nEl EP homenaje de Tomo Como Rey a Tommy Rey<\/p>\n<p>El grupo chileno de cumbia y ska Tomo Como Rey anuncia la publicaci\u00f3n de su esperado EP tributo a Tommy Rey: \u201cRey de Reyes\u201d, un trabajo que celebra m\u00e1s de 20 a\u00f1os de admiraci\u00f3n y amistad con la ic\u00f3nica voz de la cumbia chilena y los m\u00fasicos que han sido parte de su sonora durante cuatro d\u00e9cadas.<\/p>\n<p>Tomo Como Rey naci\u00f3 en 2002 como un grupo tributo a Tommy Rey, formado por estudiantes del Instituto Nacional. Desde sus primeros pasos, contaron con el cari\u00f1o y apoyo de Tommy Rey y Leo Soto, los l\u00edderes de la sonora. A lo largo de los a\u00f1os, la banda evolucion\u00f3 hacia un estilo propio, creando \u00e9xitos como El Ni\u00f1o Maravilla y Arriba de la Pelota, que los llevaron a recorrer todo Chile y a presentarse en el Festival de Olmu\u00e9 en 2024.<\/p>\n<p>Para este EP, titulado Rey de Reyes, la banda retom\u00f3 algunas de las versiones m\u00e1s memorables de la sonora de Tommy Rey, agreg\u00e1ndoles un toque actual. Incluye cuatro temas reinterpretados y su emocionante versi\u00f3n de Daniela, grabada junto a la Sonora de Tommy Rey durante su presentaci\u00f3n en Olmu\u00e9.<\/p>\n<p>Este lanzamiento es un homenaje cari\u00f1oso a Tommy Rey, quien recientemente parti\u00f3 hacia el infinito, y a su sonora, pilares fundamentales de la m\u00fasica popular chilena. Con este proyecto, Tomo Como Rey refuerza su legado y contin\u00faa llevando la cumbia y el ska por todo el pa\u00eds, con una apretada agenda de shows.<\/p>\n<p>El EP y video clip oficial de \u201cRey de Reyes\u201d ya se encuentra disponible en todas las plataformas.<\/p>\n<p><strong>DATOS PR\u00c1CTICOS:<\/p>\n<p>Hora de Apertura de Puertas: 20:30h<br \/>\nHora aprox. de inicio del show: 21:00h<br \/>\nHora aprox. de t\u00e9rmino del evento: 22:30h<br \/>\nNo puedes ingresar con estos elementos: Alimento ni bebestibles<br \/>\nS\u00edguenos y etiqu\u00e9tanos en @portaldisc y @salas_scd<br \/>\n<\/strong><\/p>\n<p><strong>Evento para todas las edades.<\/strong><\/p>\n","protected":false},"excerpt":{"rendered":"<p>Rey de Reyes El EP homenaje de Tomo Como Rey a Tommy Rey El grupo chileno de cumbia y ska Tomo Como Rey anuncia la publicaci\u00f3n de su esperado EP tributo a Tommy Rey: \u201cRey de Reyes\u201d, un trabajo que celebra m\u00e1s de 20 a\u00f1os de admiraci\u00f3n y amistad con la ic\u00f3nica voz de la [&hellip;]<\/p>\n","protected":false},"author":1,"featured_media":0,"comment_status":"closed","ping_status":"closed","template":"","tags":[],"mec_category":[36],"class_list":["post-1912","mec-events","type-mec-events","status-publish","hentry","mec_category-cumbia-tropical-ranchera"],"acf":[],"_links":{"self":[{"href":"https:\/\/salasscd.cl\/sitio\/wp-json\/wp\/v2\/mec-events\/1912","targetHints":{"allow":["GET"]}}],"collection":[{"href":"https:\/\/salasscd.cl\/sitio\/wp-json\/wp\/v2\/mec-events"}],"about":[{"href":"https:\/\/salasscd.cl\/sitio\/wp-json\/wp\/v2\/types\/mec-events"}],"author":[{"embeddable":true,"href":"https:\/\/salasscd.cl\/sitio\/wp-json\/wp\/v2\/users\/1"}],"replies":[{"embeddable":true,"href":"https:\/\/salasscd.cl\/sitio\/wp-json\/wp\/v2\/comments?post=1912"}],"version-history":[{"count":1,"href":"https:\/\/salasscd.cl\/sitio\/wp-json\/wp\/v2\/mec-events\/1912\/revisions"}],"predecessor-version":[{"id":1914,"href":"https:\/\/salasscd.cl\/sitio\/wp-json\/wp\/v2\/mec-events\/1912\/revisions\/1914"}],"wp:attachment":[{"href":"https:\/\/salasscd.cl\/sitio\/wp-json\/wp\/v2\/media?parent=1912"}],"wp:term":[{"taxonomy":"post_tag","embeddable":true,"href":"https:\/\/salasscd.cl\/sitio\/wp-json\/wp\/v2\/tags?post=1912"},{"taxonomy":"mec_category","embeddable":true,"href":"https:\/\/salasscd.cl\/sitio\/wp-json\/wp\/v2\/mec_category?post=1912"}],"curies":[{"name":"wp","href":"https:\/\/api.w.org\/{rel}","templated":true}]}}

<p>Rey de Reyes<br />
El EP homenaje de Tomo Como Rey a Tommy Rey</p>
<p>El grupo chileno de cumbia y ska Tomo Como Rey anuncia la publicación de su esperado EP tributo a Tommy Rey: “Rey de Reyes”, un trabajo que celebra más de 20 años de admiración y amistad con la icónica voz de la cumbia chilena y los músicos que han sido parte de su sonora durante cuatro décadas.</p>
<p>Tomo Como Rey nació en 2002 como un grupo tributo a Tommy Rey, formado por estudiantes del Instituto Nacional. Desde sus primeros pasos, contaron con el cariño y apoyo de Tommy Rey y Leo Soto, los líderes de la sonora. A lo largo de los años, la banda evolucionó hacia un estilo propio, creando éxitos como El Niño Maravilla y Arriba de la Pelota, que los llevaron a recorrer todo Chile y a presentarse en el Festival de Olmué en 2024.</p>
<p>Para este EP, titulado Rey de Reyes, la banda retomó algunas de las versiones más memorables de la sonora de Tommy Rey, agregándoles un toque actual. Incluye cuatro temas reinterpretados y su emocionante versión de Daniela, grabada junto a la Sonora de Tommy Rey durante su presentación en Olmué.</p>
<p>Este lanzamiento es un homenaje cariñoso a Tommy Rey, quien recientemente partió hacia el infinito, y a su sonora, pilares fundamentales de la música popular chilena. Con este proyecto, Tomo Como Rey refuerza su legado y continúa llevando la cumbia y el ska por todo el país, con una apretada agenda de shows.</p>
<p>El EP y video clip oficial de “Rey de Reyes” ya se encuentra disponible en todas las plataformas.</p>
<p><strong>DATOS PRÁCTICOS:</p>
<p>Hora de Apertura de Puertas: 20:30h<br />
Hora aprox. de inicio del show: 21:00h<br />
Hora aprox. de término del evento: 22:30h<br />
No puedes ingresar con estos elementos: Alimento ni bebestibles<br />
Síguenos y etiquétanos en @portaldisc y @salas_scd<br />
</strong></p>
<p><strong>Evento para todas las edades.</strong></p>

<p>Rey de Reyes El EP homenaje de Tomo Como Rey a Tommy Rey El grupo chileno de cumbia y ska Tomo Como Rey anuncia la publicación de su esperado EP tributo a Tommy Rey: “Rey de Reyes”, un trabajo que celebra más de 20 años de admiración y amistad con la icónica voz de la [&hellip;]</p>
