{"id":2142,"date":"2025-10-10T20:55:25","date_gmt":"2025-10-10T20:55:25","guid":{"rendered":"https:\/\/salasscd.cl\/sitio\/?post_type=mec-events&#038;p=2142"},"modified":"2025-10-10T20:55:25","modified_gmt":"2025-10-10T20:55:25","slug":"seba-alfaro-lanzamiento-disco-sur","status":"publish","type":"mec-events","link":"https:\/\/salasscd.cl\/sitio\/events\/seba-alfaro-lanzamiento-disco-sur\/","title":{"rendered":"SEBA ALFARO: LANZAMIENTO DISCO SUR"},"content":{"rendered":"<p>Seba Alfaro presenta \u00abSur\u00bb su nuevo disco inspirado en 4 ciudades del sur de Chile. La cita es el s\u00e1bado 29 de noviembre a las 20 horas en la sala SCD Bellavista, en un ambiente \u00edntimo, con un guitarreo fogatero y un cari\u00f1ito para apaciguar el fin de a\u00f1o.<\/p>\n<p><strong>DATOS PR\u00c1CTICOS:<\/p>\n<p>Hora de Apertura de Puertas: 19:30h<br \/>\nHora aprox. de inicio del show: 20:00h<br \/>\nHora aprox. de t\u00e9rmino del evento: 21:30h<br \/>\nNo puedes ingresar con estos elementos: Alimentos ni bebestibles<br \/>\nS\u00edguenos y etiqu\u00e9tanos en @portaldisc y @salas_Scd<br \/>\n<\/strong><\/p>\n<p><strong>Evento para todas las edades.<\/strong><\/p>\n<h4 class=\"regalo\"><\/h4>\n","protected":false},"excerpt":{"rendered":"<p>Seba Alfaro presenta \u00abSur\u00bb su nuevo disco inspirado en 4 ciudades del sur de Chile. La cita es el s\u00e1bado 29 de noviembre a las 20 horas en la sala SCD Bellavista, en un ambiente \u00edntimo, con un guitarreo fogatero y un cari\u00f1ito para apaciguar el fin de a\u00f1o. DATOS PR\u00c1CTICOS: Hora de Apertura de [&hellip;]<\/p>\n","protected":false},"author":1,"featured_media":2143,"comment_status":"closed","ping_status":"closed","template":"","tags":[],"mec_category":[38],"class_list":["post-2142","mec-events","type-mec-events","status-publish","has-post-thumbnail","hentry","mec_category-cantautores-cantautoras"],"acf":[],"_links":{"self":[{"href":"https:\/\/salasscd.cl\/sitio\/wp-json\/wp\/v2\/mec-events\/2142","targetHints":{"allow":["GET"]}}],"collection":[{"href":"https:\/\/salasscd.cl\/sitio\/wp-json\/wp\/v2\/mec-events"}],"about":[{"href":"https:\/\/salasscd.cl\/sitio\/wp-json\/wp\/v2\/types\/mec-events"}],"author":[{"embeddable":true,"href":"https:\/\/salasscd.cl\/sitio\/wp-json\/wp\/v2\/users\/1"}],"replies":[{"embeddable":true,"href":"https:\/\/salasscd.cl\/sitio\/wp-json\/wp\/v2\/comments?post=2142"}],"version-history":[{"count":1,"href":"https:\/\/salasscd.cl\/sitio\/wp-json\/wp\/v2\/mec-events\/2142\/revisions"}],"predecessor-version":[{"id":2144,"href":"https:\/\/salasscd.cl\/sitio\/wp-json\/wp\/v2\/mec-events\/2142\/revisions\/2144"}],"wp:featuredmedia":[{"embeddable":true,"href":"https:\/\/salasscd.cl\/sitio\/wp-json\/wp\/v2\/media\/2143"}],"wp:attachment":[{"href":"https:\/\/salasscd.cl\/sitio\/wp-json\/wp\/v2\/media?parent=2142"}],"wp:term":[{"taxonomy":"post_tag","embeddable":true,"href":"https:\/\/salasscd.cl\/sitio\/wp-json\/wp\/v2\/tags?post=2142"},{"taxonomy":"mec_category","embeddable":true,"href":"https:\/\/salasscd.cl\/sitio\/wp-json\/wp\/v2\/mec_category?post=2142"}],"curies":[{"name":"wp","href":"https:\/\/api.w.org\/{rel}","templated":true}]}}

<p>Seba Alfaro presenta «Sur» su nuevo disco inspirado en 4 ciudades del sur de Chile. La cita es el sábado 29 de noviembre a las 20 horas en la sala SCD Bellavista, en un ambiente íntimo, con un guitarreo fogatero y un cariñito para apaciguar el fin de año.</p>
<p><strong>DATOS PRÁCTICOS:</p>
<p>Hora de Apertura de Puertas: 19:30h<br />
Hora aprox. de inicio del show: 20:00h<br />
Hora aprox. de término del evento: 21:30h<br />
No puedes ingresar con estos elementos: Alimentos ni bebestibles<br />
Síguenos y etiquétanos en @portaldisc y @salas_Scd<br />
</strong></p>
<p><strong>Evento para todas las edades.</strong></p>
<h4 class="regalo"></h4>

<p>Seba Alfaro presenta «Sur» su nuevo disco inspirado en 4 ciudades del sur de Chile. La cita es el sábado 29 de noviembre a las 20 horas en la sala SCD Bellavista, en un ambiente íntimo, con un guitarreo fogatero y un cariñito para apaciguar el fin de año. DATOS PRÁCTICOS: Hora de Apertura de [&hellip;]</p>
