{"id":2212,"date":"2025-10-22T16:10:42","date_gmt":"2025-10-22T16:10:42","guid":{"rendered":"https:\/\/salasscd.cl\/sitio\/?post_type=mec-events&#038;p=2212"},"modified":"2025-10-22T16:10:42","modified_gmt":"2025-10-22T16:10:42","slug":"el-mulu-en-santiago-gota-por-gota-tour","status":"publish","type":"mec-events","link":"https:\/\/salasscd.cl\/sitio\/events\/el-mulu-en-santiago-gota-por-gota-tour\/","title":{"rendered":"EL MULU EN SANTIAGO &#8211; GOTA POR GOTA TOUR"},"content":{"rendered":"<p>Gota Por Gota Tour.<br \/>\nFolklore del Futuro. El Mulu regresa a Santiago tras su memorable debut en Sala Master, como parte de su primera gira por Latinoam\u00e9rica: Gota por Gota Tour, que lo llevar\u00e1 a recorrer Chile, M\u00e9xico y Colombia.<\/p>\n<p>Con canciones tan cordilleranas y chilenas como urbanas y universales, ofrecer\u00e1 un concierto cercano y emotivo, que servir\u00e1 adem\u00e1s como antesala del lanzamiento de su primer disco, un trabajo que promete consolidar su identidad sonora y po\u00e9tica, explorando la memoria, la fragilidad y los v\u00ednculos humanos.<\/p>\n<p>DATOS PR\u00c1CTICOS:<br \/>\nHora de Apertura de Puertas: 19:30 HRS.<br \/>\nHora aprox. de inicio del show: 20:00 HRS.<br \/>\nHora aprox. de t\u00e9rmino del evento: 21:30 HRS.<br \/>\nNo puedes ingresar con estos elementos: Alimentos ni bebestibles<br \/>\nS\u00edguenos y etiqu\u00e9tanos en @portaldisc y @salas_scd<\/p>\n<p><strong>Evento para todas las edades.<\/strong><\/p>\n","protected":false},"excerpt":{"rendered":"<p>Gota Por Gota Tour. Folklore del Futuro. El Mulu regresa a Santiago tras su memorable debut en Sala Master, como parte de su primera gira por Latinoam\u00e9rica: Gota por Gota Tour, que lo llevar\u00e1 a recorrer Chile, M\u00e9xico y Colombia. Con canciones tan cordilleranas y chilenas como urbanas y universales, ofrecer\u00e1 un concierto cercano y [&hellip;]<\/p>\n","protected":false},"author":1,"featured_media":2213,"comment_status":"closed","ping_status":"closed","template":"","tags":[],"mec_category":[38],"class_list":["post-2212","mec-events","type-mec-events","status-publish","has-post-thumbnail","hentry","mec_category-cantautores-cantautoras"],"acf":[],"_links":{"self":[{"href":"https:\/\/salasscd.cl\/sitio\/wp-json\/wp\/v2\/mec-events\/2212","targetHints":{"allow":["GET"]}}],"collection":[{"href":"https:\/\/salasscd.cl\/sitio\/wp-json\/wp\/v2\/mec-events"}],"about":[{"href":"https:\/\/salasscd.cl\/sitio\/wp-json\/wp\/v2\/types\/mec-events"}],"author":[{"embeddable":true,"href":"https:\/\/salasscd.cl\/sitio\/wp-json\/wp\/v2\/users\/1"}],"replies":[{"embeddable":true,"href":"https:\/\/salasscd.cl\/sitio\/wp-json\/wp\/v2\/comments?post=2212"}],"version-history":[{"count":1,"href":"https:\/\/salasscd.cl\/sitio\/wp-json\/wp\/v2\/mec-events\/2212\/revisions"}],"predecessor-version":[{"id":2214,"href":"https:\/\/salasscd.cl\/sitio\/wp-json\/wp\/v2\/mec-events\/2212\/revisions\/2214"}],"wp:featuredmedia":[{"embeddable":true,"href":"https:\/\/salasscd.cl\/sitio\/wp-json\/wp\/v2\/media\/2213"}],"wp:attachment":[{"href":"https:\/\/salasscd.cl\/sitio\/wp-json\/wp\/v2\/media?parent=2212"}],"wp:term":[{"taxonomy":"post_tag","embeddable":true,"href":"https:\/\/salasscd.cl\/sitio\/wp-json\/wp\/v2\/tags?post=2212"},{"taxonomy":"mec_category","embeddable":true,"href":"https:\/\/salasscd.cl\/sitio\/wp-json\/wp\/v2\/mec_category?post=2212"}],"curies":[{"name":"wp","href":"https:\/\/api.w.org\/{rel}","templated":true}]}}

<p>Gota Por Gota Tour.<br />
Folklore del Futuro. El Mulu regresa a Santiago tras su memorable debut en Sala Master, como parte de su primera gira por Latinoamérica: Gota por Gota Tour, que lo llevará a recorrer Chile, México y Colombia.</p>
<p>Con canciones tan cordilleranas y chilenas como urbanas y universales, ofrecerá un concierto cercano y emotivo, que servirá además como antesala del lanzamiento de su primer disco, un trabajo que promete consolidar su identidad sonora y poética, explorando la memoria, la fragilidad y los vínculos humanos.</p>
<p>DATOS PRÁCTICOS:<br />
Hora de Apertura de Puertas: 19:30 HRS.<br />
Hora aprox. de inicio del show: 20:00 HRS.<br />
Hora aprox. de término del evento: 21:30 HRS.<br />
No puedes ingresar con estos elementos: Alimentos ni bebestibles<br />
Síguenos y etiquétanos en @portaldisc y @salas_scd</p>
<p><strong>Evento para todas las edades.</strong></p>

<p>Gota Por Gota Tour. Folklore del Futuro. El Mulu regresa a Santiago tras su memorable debut en Sala Master, como parte de su primera gira por Latinoamérica: Gota por Gota Tour, que lo llevará a recorrer Chile, México y Colombia. Con canciones tan cordilleranas y chilenas como urbanas y universales, ofrecerá un concierto cercano y [&hellip;]</p>
