{"id":2299,"date":"2025-11-13T19:59:18","date_gmt":"2025-11-13T19:59:18","guid":{"rendered":"https:\/\/salasscd.cl\/sitio\/?post_type=mec-events&#038;p=2299"},"modified":"2025-11-13T19:59:18","modified_gmt":"2025-11-13T19:59:18","slug":"inti-illimani-historico-trio","status":"publish","type":"mec-events","link":"https:\/\/salasscd.cl\/sitio\/events\/inti-illimani-historico-trio\/","title":{"rendered":"INTI ILLIMANI HIST\u00d3RICO TR\u00cdO"},"content":{"rendered":"<p>Vive una noche inolvidable junto a INTI ILLIMANI HISTORICO TR\u00cdO, con tres figuras fundamentales de Inti-Illimani Hist\u00f3rico (Salinas, Seves, Dur\u00e1n). Un encuentro \u00edntimo y profundo con las ra\u00edces de la m\u00fasica latinoamericana, interpretada por sus propios creadores.<\/p>\n<p><strong>DATOS PR\u00c1CTICOS:<\/p>\n<p>Hora de Apertura de Puertas: 19:00h<br \/>\nHora aprox. de inicio del show: 19:30h<br \/>\nHora aprox. de t\u00e9rmino del evento: 21:00h<br \/>\nNo puedes ingresar con estos elementos: Alimentos ni bebestibles<br \/>\nS\u00edguenos y etiqu\u00e9tanos en @portaldisc y @salas_Scd<br \/>\n<\/strong><\/p>\n<p><strong>Evento para todas las edades.<\/strong><\/p>\n<h4 class=\"regalo\"><\/h4>\n","protected":false},"excerpt":{"rendered":"<p>Vive una noche inolvidable junto a INTI ILLIMANI HISTORICO TR\u00cdO, con tres figuras fundamentales de Inti-Illimani Hist\u00f3rico (Salinas, Seves, Dur\u00e1n). Un encuentro \u00edntimo y profundo con las ra\u00edces de la m\u00fasica latinoamericana, interpretada por sus propios creadores. DATOS PR\u00c1CTICOS: Hora de Apertura de Puertas: 19:00h Hora aprox. de inicio del show: 19:30h Hora aprox. de [&hellip;]<\/p>\n","protected":false},"author":1,"featured_media":2300,"comment_status":"closed","ping_status":"closed","template":"","tags":[],"mec_category":[29,32],"class_list":["post-2299","mec-events","type-mec-events","status-publish","has-post-thumbnail","hentry","mec_category-rock","mec_category-tradicional-folclorica-chilena"],"acf":[],"_links":{"self":[{"href":"https:\/\/salasscd.cl\/sitio\/wp-json\/wp\/v2\/mec-events\/2299","targetHints":{"allow":["GET"]}}],"collection":[{"href":"https:\/\/salasscd.cl\/sitio\/wp-json\/wp\/v2\/mec-events"}],"about":[{"href":"https:\/\/salasscd.cl\/sitio\/wp-json\/wp\/v2\/types\/mec-events"}],"author":[{"embeddable":true,"href":"https:\/\/salasscd.cl\/sitio\/wp-json\/wp\/v2\/users\/1"}],"replies":[{"embeddable":true,"href":"https:\/\/salasscd.cl\/sitio\/wp-json\/wp\/v2\/comments?post=2299"}],"version-history":[{"count":1,"href":"https:\/\/salasscd.cl\/sitio\/wp-json\/wp\/v2\/mec-events\/2299\/revisions"}],"predecessor-version":[{"id":2301,"href":"https:\/\/salasscd.cl\/sitio\/wp-json\/wp\/v2\/mec-events\/2299\/revisions\/2301"}],"wp:featuredmedia":[{"embeddable":true,"href":"https:\/\/salasscd.cl\/sitio\/wp-json\/wp\/v2\/media\/2300"}],"wp:attachment":[{"href":"https:\/\/salasscd.cl\/sitio\/wp-json\/wp\/v2\/media?parent=2299"}],"wp:term":[{"taxonomy":"post_tag","embeddable":true,"href":"https:\/\/salasscd.cl\/sitio\/wp-json\/wp\/v2\/tags?post=2299"},{"taxonomy":"mec_category","embeddable":true,"href":"https:\/\/salasscd.cl\/sitio\/wp-json\/wp\/v2\/mec_category?post=2299"}],"curies":[{"name":"wp","href":"https:\/\/api.w.org\/{rel}","templated":true}]}}

INTI ILLIMANI HISTÓRICO TRÍO

<p>Vive una noche inolvidable junto a INTI ILLIMANI HISTORICO TRÍO, con tres figuras fundamentales de Inti-Illimani Histórico (Salinas, Seves, Durán). Un encuentro íntimo y profundo con las raíces de la música latinoamericana, interpretada por sus propios creadores.</p>
<p><strong>DATOS PRÁCTICOS:</p>
<p>Hora de Apertura de Puertas: 19:00h<br />
Hora aprox. de inicio del show: 19:30h<br />
Hora aprox. de término del evento: 21:00h<br />
No puedes ingresar con estos elementos: Alimentos ni bebestibles<br />
Síguenos y etiquétanos en @portaldisc y @salas_Scd<br />
</strong></p>
<p><strong>Evento para todas las edades.</strong></p>
<h4 class="regalo"></h4>

<p>Vive una noche inolvidable junto a INTI ILLIMANI HISTORICO TRÍO, con tres figuras fundamentales de Inti-Illimani Histórico (Salinas, Seves, Durán). Un encuentro íntimo y profundo con las raíces de la música latinoamericana, interpretada por sus propios creadores. DATOS PRÁCTICOS: Hora de Apertura de Puertas: 19:00h Hora aprox. de inicio del show: 19:30h Hora aprox. de [&hellip;]</p>
