{"id":2825,"date":"2026-04-28T16:06:23","date_gmt":"2026-04-28T16:06:23","guid":{"rendered":"https:\/\/salasscd.cl\/sitio\/?post_type=mec-events&#038;p=2825"},"modified":"2026-04-28T16:06:23","modified_gmt":"2026-04-28T16:06:23","slug":"el-chibano-10-anos-ciclo-salseando-en-bella","status":"publish","type":"mec-events","link":"https:\/\/salasscd.cl\/sitio\/events\/el-chibano-10-anos-ciclo-salseando-en-bella\/","title":{"rendered":"EL CHIBANO 10 A\u00d1OS &#8211; CICLO SALSEANDO EN BELLA"},"content":{"rendered":"<p>El 2026 celebramos 10 a\u00f1os de El Chibano, una d\u00e9cada de camino recorrido, m\u00fasica compartida y evoluci\u00f3n constante. Para dar inicio a este a\u00f1o de celebraciones, presentamos un concierto imperdible en Sala SCD Bellavista, como parte del ciclo Salseando en Bella, el s\u00e1bado 09 de mayo a las 20:00 hrs. Nacido del cruce entre la m\u00fasica latina, el trabajo colectivo y la escena salsera chilena, El Chibano surge tras una historia que comienza en 2012 y se consolida en 2016, marcada por la colaboraci\u00f3n, la creaci\u00f3n original y la b\u00fasqueda sonora. Hoy, a diez a\u00f1os de su nacimiento, la banda abre una nueva etapa creativa, explorando nuevos formatos y sonidos. Te invitamos a ser parte de esta celebraci\u00f3n, de la historia y de lo que viene.<\/p>\n<p><strong><br \/>\nDATOS PR\u00c1CTICOS:<br \/>\nHora de Apertura de Puertas: 19:30h<br \/>\nHora aprox. de inicio del show: 20:00h<br \/>\nHora aprox. de t\u00e9rmino del evento: 22:00h<br \/>\nNo puedes ingresar con estos elementos: Alimentos y bebestibles<br \/>\nS\u00edguenos y etiqu\u00e9tanos en @portaldisc y @salas_SCD<br \/>\n<\/strong><\/p>\n<p><strong>Evento para todas las edades<\/strong><\/p>\n<h4 class=\"regalo\"><\/h4>\n","protected":false},"excerpt":{"rendered":"<p>El 2026 celebramos 10 a\u00f1os de El Chibano, una d\u00e9cada de camino recorrido, m\u00fasica compartida y evoluci\u00f3n constante. Para dar inicio a este a\u00f1o de celebraciones, presentamos un concierto imperdible en Sala SCD Bellavista, como parte del ciclo Salseando en Bella, el s\u00e1bado 09 de mayo a las 20:00 hrs. Nacido del cruce entre la [&hellip;]<\/p>\n","protected":false},"author":1,"featured_media":2826,"comment_status":"closed","ping_status":"closed","template":"","tags":[],"mec_category":[36],"class_list":["post-2825","mec-events","type-mec-events","status-publish","has-post-thumbnail","hentry","mec_category-cumbia-tropical-ranchera"],"acf":[],"_links":{"self":[{"href":"https:\/\/salasscd.cl\/sitio\/wp-json\/wp\/v2\/mec-events\/2825","targetHints":{"allow":["GET"]}}],"collection":[{"href":"https:\/\/salasscd.cl\/sitio\/wp-json\/wp\/v2\/mec-events"}],"about":[{"href":"https:\/\/salasscd.cl\/sitio\/wp-json\/wp\/v2\/types\/mec-events"}],"author":[{"embeddable":true,"href":"https:\/\/salasscd.cl\/sitio\/wp-json\/wp\/v2\/users\/1"}],"replies":[{"embeddable":true,"href":"https:\/\/salasscd.cl\/sitio\/wp-json\/wp\/v2\/comments?post=2825"}],"version-history":[{"count":1,"href":"https:\/\/salasscd.cl\/sitio\/wp-json\/wp\/v2\/mec-events\/2825\/revisions"}],"predecessor-version":[{"id":2827,"href":"https:\/\/salasscd.cl\/sitio\/wp-json\/wp\/v2\/mec-events\/2825\/revisions\/2827"}],"wp:featuredmedia":[{"embeddable":true,"href":"https:\/\/salasscd.cl\/sitio\/wp-json\/wp\/v2\/media\/2826"}],"wp:attachment":[{"href":"https:\/\/salasscd.cl\/sitio\/wp-json\/wp\/v2\/media?parent=2825"}],"wp:term":[{"taxonomy":"post_tag","embeddable":true,"href":"https:\/\/salasscd.cl\/sitio\/wp-json\/wp\/v2\/tags?post=2825"},{"taxonomy":"mec_category","embeddable":true,"href":"https:\/\/salasscd.cl\/sitio\/wp-json\/wp\/v2\/mec_category?post=2825"}],"curies":[{"name":"wp","href":"https:\/\/api.w.org\/{rel}","templated":true}]}}

EL CHIBANO 10 AÑOS &#8211; CICLO SALSEANDO EN BELLA

<p>El 2026 celebramos 10 años de El Chibano, una década de camino recorrido, música compartida y evolución constante. Para dar inicio a este año de celebraciones, presentamos un concierto imperdible en Sala SCD Bellavista, como parte del ciclo Salseando en Bella, el sábado 09 de mayo a las 20:00 hrs. Nacido del cruce entre la música latina, el trabajo colectivo y la escena salsera chilena, El Chibano surge tras una historia que comienza en 2012 y se consolida en 2016, marcada por la colaboración, la creación original y la búsqueda sonora. Hoy, a diez años de su nacimiento, la banda abre una nueva etapa creativa, explorando nuevos formatos y sonidos. Te invitamos a ser parte de esta celebración, de la historia y de lo que viene.</p>
<p><strong><br />
DATOS PRÁCTICOS:<br />
Hora de Apertura de Puertas: 19:30h<br />
Hora aprox. de inicio del show: 20:00h<br />
Hora aprox. de término del evento: 22:00h<br />
No puedes ingresar con estos elementos: Alimentos y bebestibles<br />
Síguenos y etiquétanos en @portaldisc y @salas_SCD<br />
</strong></p>
<p><strong>Evento para todas las edades</strong></p>
<h4 class="regalo"></h4>

<p>El 2026 celebramos 10 años de El Chibano, una década de camino recorrido, música compartida y evolución constante. Para dar inicio a este año de celebraciones, presentamos un concierto imperdible en Sala SCD Bellavista, como parte del ciclo Salseando en Bella, el sábado 09 de mayo a las 20:00 hrs. Nacido del cruce entre la [&hellip;]</p>
