{"id":2828,"date":"2026-04-28T16:08:42","date_gmt":"2026-04-28T16:08:42","guid":{"rendered":"https:\/\/salasscd.cl\/sitio\/?post_type=mec-events&#038;p=2828"},"modified":"2026-04-28T16:08:42","modified_gmt":"2026-04-28T16:08:42","slug":"la-nueva-cumbia-pop-con-flor-de-estacion","status":"publish","type":"mec-events","link":"https:\/\/salasscd.cl\/sitio\/events\/la-nueva-cumbia-pop-con-flor-de-estacion\/","title":{"rendered":"LA NUEVA CUMBIA POP CON FLOR DE ESTACI\u00d3N"},"content":{"rendered":"<p>Presentaci\u00f3n del grupo de cumbia pop Flor de Estaci\u00f3n , donde se podr\u00e1 escuchar este nuevo estilo de cumbia pop con el trabajo in\u00e9dito de la banda.<\/p>\n<p><strong>DATOS PR\u00c1CTICOS:<\/p>\n<p>Hora de Apertura de Puertas: 18:00h<br \/>\nHora aprox. de inicio del show: 18:30h<br \/>\nHora aprox. de t\u00e9rmino del evento: 20:00h<br \/>\nNo puedes ingresar con estos elementos: Alimentos ni bebestibles<br \/>\nS\u00edguenos y etiqu\u00e9tanos en @portaldisc y @salas_SCD<br \/>\n<\/strong><\/p>\n<p><strong>Evento para todas las edades<\/strong><\/p>\n<h4 class=\"regalo\"><\/h4>\n","protected":false},"excerpt":{"rendered":"<p>Presentaci\u00f3n del grupo de cumbia pop Flor de Estaci\u00f3n , donde se podr\u00e1 escuchar este nuevo estilo de cumbia pop con el trabajo in\u00e9dito de la banda. DATOS PR\u00c1CTICOS: Hora de Apertura de Puertas: 18:00h Hora aprox. de inicio del show: 18:30h Hora aprox. de t\u00e9rmino del evento: 20:00h No puedes ingresar con estos elementos: [&hellip;]<\/p>\n","protected":false},"author":1,"featured_media":2829,"comment_status":"closed","ping_status":"closed","template":"","tags":[],"mec_category":[36,30],"class_list":["post-2828","mec-events","type-mec-events","status-publish","has-post-thumbnail","hentry","mec_category-cumbia-tropical-ranchera","mec_category-pop"],"acf":[],"_links":{"self":[{"href":"https:\/\/salasscd.cl\/sitio\/wp-json\/wp\/v2\/mec-events\/2828","targetHints":{"allow":["GET"]}}],"collection":[{"href":"https:\/\/salasscd.cl\/sitio\/wp-json\/wp\/v2\/mec-events"}],"about":[{"href":"https:\/\/salasscd.cl\/sitio\/wp-json\/wp\/v2\/types\/mec-events"}],"author":[{"embeddable":true,"href":"https:\/\/salasscd.cl\/sitio\/wp-json\/wp\/v2\/users\/1"}],"replies":[{"embeddable":true,"href":"https:\/\/salasscd.cl\/sitio\/wp-json\/wp\/v2\/comments?post=2828"}],"version-history":[{"count":1,"href":"https:\/\/salasscd.cl\/sitio\/wp-json\/wp\/v2\/mec-events\/2828\/revisions"}],"predecessor-version":[{"id":2830,"href":"https:\/\/salasscd.cl\/sitio\/wp-json\/wp\/v2\/mec-events\/2828\/revisions\/2830"}],"wp:featuredmedia":[{"embeddable":true,"href":"https:\/\/salasscd.cl\/sitio\/wp-json\/wp\/v2\/media\/2829"}],"wp:attachment":[{"href":"https:\/\/salasscd.cl\/sitio\/wp-json\/wp\/v2\/media?parent=2828"}],"wp:term":[{"taxonomy":"post_tag","embeddable":true,"href":"https:\/\/salasscd.cl\/sitio\/wp-json\/wp\/v2\/tags?post=2828"},{"taxonomy":"mec_category","embeddable":true,"href":"https:\/\/salasscd.cl\/sitio\/wp-json\/wp\/v2\/mec_category?post=2828"}],"curies":[{"name":"wp","href":"https:\/\/api.w.org\/{rel}","templated":true}]}}

LA NUEVA CUMBIA POP CON FLOR DE ESTACIÓN

<p>Presentación del grupo de cumbia pop Flor de Estación , donde se podrá escuchar este nuevo estilo de cumbia pop con el trabajo inédito de la banda.</p>
<p><strong>DATOS PRÁCTICOS:</p>
<p>Hora de Apertura de Puertas: 18:00h<br />
Hora aprox. de inicio del show: 18:30h<br />
Hora aprox. de término del evento: 20:00h<br />
No puedes ingresar con estos elementos: Alimentos ni bebestibles<br />
Síguenos y etiquétanos en @portaldisc y @salas_SCD<br />
</strong></p>
<p><strong>Evento para todas las edades</strong></p>
<h4 class="regalo"></h4>

<p>Presentación del grupo de cumbia pop Flor de Estación , donde se podrá escuchar este nuevo estilo de cumbia pop con el trabajo inédito de la banda. DATOS PRÁCTICOS: Hora de Apertura de Puertas: 18:00h Hora aprox. de inicio del show: 18:30h Hora aprox. de término del evento: 20:00h No puedes ingresar con estos elementos: [&hellip;]</p>
